nd 8190.
18
What is the greatest common divisor of 333 and 259?
37
Calculate the highest common divisor of 379545 and 45.
15
What is the highest common divisor of 50 and 605575?
25
What is the greatest common factor of 842 and 292?
2
Calculate the greatest common divisor of 1698 and 3268084.
566
Calculate the greatest common factor of 211376 and 22.
22
What is the highest common divisor of 291158 and 70?
14
Calculate the greatest common factor of 136962 and 1116.
18
What is the highest common factor of 63 and 105966?
63
What is the highest common factor of 13695 and 88?
11
Calculate the highest common divisor of 544 and 138208.
32
Calculate the greatest common factor of 4045 and 912552.
809
Calculate the greatest common factor of 550757 and 2.
1
What is the greatest common factor of 1998 and 19018?
74
Calculate the highest common factor of 7273944 and 108.
36
What is the greatest common factor of 131 and 1615099?
131
What is the highest common factor of 660 and 724?
4
Calculate the highest common factor of 454 and 227.
227
What is the greatest common factor of 171 and 5757?
57
What is the highest common factor of 38 and 4826?
38
What is the greatest common factor of 3674 and 1144?
22
What is the greatest common factor of 302148 and 495?
99
Calculate the greatest common divisor of 589480 and 64.
8
What is the greatest common factor of 24940 and 68?
4
What is the greatest common divisor of 31 and 89280?
31
Calculate the greatest common factor of 5320 and 13084540.
2660
Calculate the highest common divisor of 645 and 293217.
129
Calculate the highest common divisor of 168 and 461976.
24
What is the highest common divisor of 17 and 239734?
17
What is the highest common divisor of 3936 and 4704?
96
Calculate the highest common divisor of 972474 and 9.
3
What is the highest common divisor of 2384950 and 50?
50
What is the highest common factor of 1072 and 432?
16
Calculate the greatest common factor of 5896 and 3696.
88
What is the highest common factor of 513 and 44460?
171
Calculate the highest common factor of 40 and 93880.
40
Calculate the highest common factor of 337 and 92338.
337
Calculate the greatest common factor of 1620 and 36612.
324
What is the greatest common factor of 12075 and 808059?
483
Calculate the greatest common factor of 247940 and 11.
11
What is the greatest common factor of 2134 and 181972?
194
Calculate the greatest common factor of 23 and 1580077.
23
Calculate the greatest common divisor of 15544 and 603.
67
Calculate the greatest common factor of 1032 and 947634.
258
What is the highest common factor of 1476 and 202500?
36
What is the greatest common divisor of 2410 and 83627?
241
What is the greatest common divisor of 41846 and 196?
98
Calculate the highest common divisor of 137675 and 1025.
25
Calculate the greatest common factor of 330 and 2028290.
110
Calculate the highest common factor of 67276 and 1573.
121
What is the highest common divisor of 1365770 and 13734?
1526
What is the highest common divisor of 223377 and 154?
77
What is the highest common divisor of 107146 and 2536?
634
Calculate the highest common factor of 14196 and 1859.
169
What is the highest common factor of 207456 and 3552?
96
What is the greatest common divisor of 897 and 2366?
13
Calculate the greatest common divisor of 725528 and 2848.
712
Calculate the highest common factor of 5673292 and 268.
268
Calculate the highest common divisor of 13005 and 495.
45
Calculate the greatest common factor of 2750 and 2420.
110
Calculate the highest common factor of 55145 and 615.
205
What is the greatest common divisor of 624 and 42341?
13
Calculate the greatest common factor of 165 and 61575.
15
What is the highest common divisor of 141386 and 42?
14
What is the highest common divisor of 10309 and 2197?
169
Calculate the greatest common factor of 175 and 6055.
35
Calculate the highest common divisor of 9072 and 7788.
12
What is the greatest common divisor of 575200 and 800?
800
What is the greatest common divisor of 40590 and 1584?
198
Calculate the highest common divisor of 290 and 562990.
10
What is the highest common factor of 129298 and 26?
26
Calculate the highest common divisor of 155661 and 1272.
159
What is the highest common factor of 73540 and 540?
20
What is the greatest common factor of 1 and 4297?
1
What is the greatest common factor of 18 and 355734?
18
Calculate the greatest common factor of 160 and 1048640.
160
Calculate the greatest common divisor of 251352 and 2304.
72
What is the highest common divisor of 471072 and 42?
42
Calculate the highest common divisor of 12 and 619356.
12
What is the highest common factor of 280968 and 920?
184
Calculate the highest common divisor of 11336 and 78.
26
What is the greatest common factor of 43 and 5?
1
Calculate the greatest common factor of 111701 and 19.
19
What is the greatest common factor of 760 and 7999?
19
What is the highest common factor of 4341813 and 581?
581
What is the greatest common factor of 707 and 2929?
101
Calculate the highest common divisor of 335 and 1675.
335
Calculate the greatest common divisor of 287 and 49733.
41
Calculate the greatest common factor of 9540 and 1020.
60
What is the greatest common factor of 106 and 47?
1
What is the greatest common factor of 4437 and 28710?
261
What is the greatest common factor of 505452 and 584?
292
Calculate the greatest common divisor of 332868 and 84.
12
What is the highest common factor of 29554 and 70?
14
What is the greatest common factor of 824 and 4696?
8
Calculate the greatest common divisor of 41697 and 43.
1
What is the greatest common factor of 3933 and 36639?
207
Calculate the highest common divisor of 21 and 48398.
7
Calculate the highest common divisor of 215982 and 9.
9
What is the highest common divisor of 1377 and 13362?
51
Calculate the highest common divisor of 3916 and 1444025.
979
What is the greatest common divisor of 27 and 210762?
27
What is the greatest common divisor of 1117313 and 362?
181
What is the greatest common factor of 69 and 113919?
69
Calculate the highest common divisor of 150016 and 640.
128
What is the highest common divisor of 2350 and 3666?
94
What is the greatest common divisor of 23182 and 20933?
173
Calculate the highest common factor of 963 and 1809.
9
Calculate the highest common factor of 60 and 1091.
1
What is the highest common factor of 924 and 23232?
132
Calculate the greatest common factor of 17 and 30209.
17
Calculate the highest common factor of 166645 and 20.
5
Calculate the greatest common divisor of 401 and 4770697.
401
Calculate the highest common factor of 312 and 10776.
24
Calculate the highest common divisor of 65415 and 147.
147
Calculate the greatest common factor of 152555 and 845.
65
What is the greatest common factor of 3936 and 1599?
123
Calculate the greatest common divisor of 25474 and 27642.
542
Calculate the greatest common divisor of 3662640 and 40.
40
What is the highest common divisor of 176 and 256608?
176
Calculate the highest common factor of 21228 and 11712.
732
Calculate the greatest common divisor of 2610534 and 4665.
933
What is the highest common divisor of 23880 and 1320?
120
Calculate the greatest common factor of 14964 and 3654.
174
What is the greatest common factor of 168540 and 40?
20
Calculate the highest common factor of 25 and 15175.
25
Calculate the greatest common divisor of 315 and 30555.
315
What is the greatest common divisor of 24741 and 12?
3
Calculate the highest common factor of 810 and 2064690.
810
What is the highest common factor of 1188726 and 66?
66
What is the greatest common factor of 3382 and 46369?
89
What is the greatest common divisor of 459 and 113781?
51
Calculate the greatest common divisor of 3260 and 60.
20
Calculate the greatest common factor of 2016 and 117432.
504
What is the greatest common divisor of 1326072 and 143?
11
Calculate the highest common factor of 696 and 41673.
87
What is the greatest common factor of 55908 and 72?
36
What is the highest common divisor of 692559 and 84?
21
Calculate the greatest common factor of 164 and 516723.
41
What is the highest common factor of 968 and 104456?
88
What is the greatest common divisor of 8960 and 46830?
70
Calculate the highest common divisor of 756 and 10731.
21
C